{"id":6518,"date":"2025-05-09T06:15:31","date_gmt":"2025-05-09T06:15:31","guid":{"rendered":"http:\/\/radionorteatacama.cl\/?page_id=6518"},"modified":"2025-05-09T06:15:31","modified_gmt":"2025-05-09T06:15:31","slug":"noticias-atacama","status":"publish","type":"page","link":"https:\/\/radionorteatacama.cl\/index.php\/noticias-atacama\/","title":{"rendered":"Noticias Atacama"},"content":{"rendered":"<p>La Seremi de Gobierno reafirm\u00f3 que este es solo el primer paso en un proceso transformador que continuar\u00e1 avanzando con hitos como el aumento de la Pensi\u00f3n Garantizada Universal en septiembre, y el inicio del pago de beneficios del Seguro Social en enero de 2026.<\/p>\n<p>\u201cCon estas acciones que hemos impulsado, el Estado empieza a cumplir su rol como garante del bienestar de su pueblo. No podemos aceptar que la vejez siga siendo sin\u00f3nimo de abandono, por eso esta conquista social va a permitir que cada jubilado y jubilada pueda vivir con la dignidad que merece\u201d, concluy\u00f3 Mora.<\/p>\n<p>DATO. Antes del 1 de mayo, solo los beneficiarios del Fondo de Cesant\u00eda Solidario ten\u00edan esta cobertura. Desde ahora, tambi\u00e9n est\u00e1n cubiertos quienes acceden a su Cuenta Individual.<\/p>\n<p>El Seguro de Lagunas establece un incremento gradual de su cobertura. Desde mayo hasta julio de 2025, el porcentaje de cotizaci\u00f3n ser\u00e1 equivalente al 10% del pago mensual que reciba el afiliado desde el Seguro de Cesant\u00eda. Y a partir de agosto de 2025, en tanto, este porcentaje subir\u00e1 al 10,10%, mientras que en agosto de 2027 pasar\u00e1 al 10,25%.<\/p>\n<p>\u00bfPor cu\u00e1nto tiempo se paga este beneficio?<br \/>\nMientras la persona est\u00e9 recibiendo pagos del Seguro de Cesant\u00eda. Si se terminan los giros (no posee m\u00e1s fondos en su cuenta individual), o encuentra trabajo, tambi\u00e9n finaliza este beneficio autom\u00e1ticamente<\/p>\n","protected":false},"excerpt":{"rendered":"<p>La Seremi de Gobierno reafirm\u00f3 que este es solo el primer paso en un proceso transformador que continuar\u00e1 avanzando con hitos como el aumento de la Pensi\u00f3n Garantizada Universal en septiembre, y el inicio del pago de beneficios del Seguro Social en enero de 2026. \u201cCon estas acciones que hemos impulsado, el Estado empieza a [&hellip;]<\/p>\n","protected":false},"author":1,"featured_media":0,"parent":0,"menu_order":0,"comment_status":"closed","ping_status":"closed","template":"","meta":{"_joinchat":[],"footnotes":""},"class_list":["post-6518","page","type-page","status-publish","hentry"],"blog_post_layout_featured_media_urls":{"thumbnail":"","full":""},"categories_names":null,"comments_number":"0","_links":{"self":[{"href":"https:\/\/radionorteatacama.cl\/index.php\/wp-json\/wp\/v2\/pages\/6518","targetHints":{"allow":["GET"]}}],"collection":[{"href":"https:\/\/radionorteatacama.cl\/index.php\/wp-json\/wp\/v2\/pages"}],"about":[{"href":"https:\/\/radionorteatacama.cl\/index.php\/wp-json\/wp\/v2\/types\/page"}],"author":[{"embeddable":true,"href":"https:\/\/radionorteatacama.cl\/index.php\/wp-json\/wp\/v2\/users\/1"}],"replies":[{"embeddable":true,"href":"https:\/\/radionorteatacama.cl\/index.php\/wp-json\/wp\/v2\/comments?post=6518"}],"version-history":[{"count":1,"href":"https:\/\/radionorteatacama.cl\/index.php\/wp-json\/wp\/v2\/pages\/6518\/revisions"}],"predecessor-version":[{"id":6520,"href":"https:\/\/radionorteatacama.cl\/index.php\/wp-json\/wp\/v2\/pages\/6518\/revisions\/6520"}],"wp:attachment":[{"href":"https:\/\/radionorteatacama.cl\/index.php\/wp-json\/wp\/v2\/media?parent=6518"}],"curies":[{"name":"wp","href":"https:\/\/api.w.org\/{rel}","templated":true}]}}

<p>La Seremi de Gobierno reafirmó que este es solo el primer paso en un proceso transformador que continuará avanzando con hitos como el aumento de la Pensión Garantizada Universal en septiembre, y el inicio del pago de beneficios del Seguro Social en enero de 2026.</p>
<p>“Con estas acciones que hemos impulsado, el Estado empieza a cumplir su rol como garante del bienestar de su pueblo. No podemos aceptar que la vejez siga siendo sinónimo de abandono, por eso esta conquista social va a permitir que cada jubilado y jubilada pueda vivir con la dignidad que merece”, concluyó Mora.</p>
<p>DATO. Antes del 1 de mayo, solo los beneficiarios del Fondo de Cesantía Solidario tenían esta cobertura. Desde ahora, también están cubiertos quienes acceden a su Cuenta Individual.</p>
<p>El Seguro de Lagunas establece un incremento gradual de su cobertura. Desde mayo hasta julio de 2025, el porcentaje de cotización será equivalente al 10% del pago mensual que reciba el afiliado desde el Seguro de Cesantía. Y a partir de agosto de 2025, en tanto, este porcentaje subirá al 10,10%, mientras que en agosto de 2027 pasará al 10,25%.</p>
<p>¿Por cuánto tiempo se paga este beneficio?<br />
Mientras la persona esté recibiendo pagos del Seguro de Cesantía. Si se terminan los giros (no posee más fondos en su cuenta individual), o encuentra trabajo, también finaliza este beneficio automáticamente</p>

<p>La Seremi de Gobierno reafirmó que este es solo el primer paso en un proceso transformador que continuará avanzando con hitos como el aumento de la Pensión Garantizada Universal en septiembre, y el inicio del pago de beneficios del Seguro Social en enero de 2026. “Con estas acciones que hemos impulsado, el Estado empieza a [&hellip;]</p>
